{"id":149,"date":"2019-01-11T14:05:13","date_gmt":"2019-01-11T13:05:13","guid":{"rendered":"http:\/\/hundefreunde-waldesruh.com\/Blog\/?page_id=149"},"modified":"2019-08-06T18:10:08","modified_gmt":"2019-08-06T16:10:08","slug":"prey-dummy-training","status":"publish","type":"page","link":"https:\/\/hundefreunde-waldesruh.com\/Blog\/prey-dummy-training\/","title":{"rendered":"Prey-Dummy-Training"},"content":{"rendered":"\n<h2>Dummy-Spass &#8211; auch f\u00fcr Nicht-Retriever<\/h2>\n\n\n\n<p>Apportieren gilt als K\u00f6nigsdisziplin der Jagdhunde, doch auch etliche andere Hunde lassen sich daf\u00fcr begeistern. Das Apportieren von  Dummys ist eine Besch\u00e4ftigung, die zu einer faszinierenden Verst\u00e4ndigung  mit Ihrem Hund f\u00fchrt. Der Hund lernt mit Ihnen als Mensch-Hund -Team zu  funktionieren, gemeinsames pierschen\/ anschleichen oder auch \u00fcber gro\u00dfe  Distanz mit seiner Bezugsperson zu arbeiten, um ein gemeinsames Ziel zu  verfolgen..die Beute &#8211; den Dummy! Alltagstauglich ist die Besch\u00e4ftigung, da  diese auf jedem Spaziergang und in den eigenen vier W\u00e4nden stattfinden  kann!<\/p>\n\n\n\n<p>Es gibt drei Hauptf\u00e4cher der Dummy-Arbeit:<\/p>\n\n\n\n<h2>Markieren<\/h2>\n\n\n\n<p>Der Hund sieht das Objekt fallen, merkt sich die Fallstelle und holt das Objekt nach Kommando. <em>Beispiel: Im Haushalt f\u00e4llt etwas auf den Boden, schicken Sie ihren  Hund mit dem Kommando &#8222;Apport&#8220;! Sie brauchen sich nicht b\u00fccken.<\/em><\/p>\n\n\n\n<h2>Einweisen<\/h2>\n\n\n\n<p>Dabei weiss der Hundef\u00fchrer in etwa, wo das Gesuchte liegt, der Hund aber nicht. Der Hund muss sich durch eine  Befehlskette vom Hundef\u00fchrer zum gesuchten Objekt leiten lassen. <em>Beispiel: Der Hund hat gar nicht mitbekommen, das Ihnen etwas heruntergefallen ist. Den Hund mit einem &#8222;Hier&#8220; herangerufen, in die  Grundstellung gebracht, kann die \u00dcbung losgehhen. Mit Kommando &#8222;Vorran&#8220; in die gezeigte Richtung, mit einem Stopp-Signal stoppen, dann mit  Handzeichen nach rechts oder links schicken, um das gew\u00fcnschte Objekt zu suchen und zur\u00fcckzubringen.<\/em><\/p>\n\n\n\n<h2>Freiverlorensuche<\/h2>\n\n\n\n<p>Weder Hund noch Hundef\u00fchrer wissen genau, wo das Gesuchte liegt. <em>Beispiel: Autoschl\u00fcssel beim Spaziergang verloren! Wo?<br>Schicken Sie ihren Hund mit &#8222;Such&#8220; los, das Signal f\u00fcr den Hund: Herrchen\/  Frauchen weiss nicht, wo genau das gesuchte Objegt liegt. Es wird auf  diesem Weg alles gebracht was &#8222;richtig&#8220; riecht. <br>Dem Hund ist es  egal was f\u00fcr ein Dummy ausgelegt wurde, f\u00fcr den Vierbeiner z\u00e4hlt nur, dass es &#8222;richtig&#8220; riecht, d.h. meist nach Menschenhand oder nach Wild. In dem Fall Schl\u00fcsseletui!<\/em><\/p>\n","protected":false},"excerpt":{"rendered":"<p>Dummy-Spass &#8211; auch f\u00fcr Nicht-Retriever Apportieren gilt als K\u00f6nigsdisziplin der Jagdhunde, doch auch etliche andere Hunde lassen sich daf\u00fcr begeistern. Das Apportieren von Dummys ist eine Besch\u00e4ftigung, die zu einer faszinierenden Verst\u00e4ndigung mit Ihrem Hund f\u00fchrt. Der Hund lernt mit Ihnen als Mensch-Hund -Team zu funktionieren, gemeinsames pierschen\/ anschleichen oder auch \u00fcber gro\u00dfe Distanz mit&#8230;<\/p>\n","protected":false},"author":1,"featured_media":0,"parent":0,"menu_order":0,"comment_status":"closed","ping_status":"closed","template":"","meta":[],"_links":{"self":[{"href":"https:\/\/hundefreunde-waldesruh.com\/Blog\/wp-json\/wp\/v2\/pages\/149"}],"collection":[{"href":"https:\/\/hundefreunde-waldesruh.com\/Blog\/wp-json\/wp\/v2\/pages"}],"about":[{"href":"https:\/\/hundefreunde-waldesruh.com\/Blog\/wp-json\/wp\/v2\/types\/page"}],"author":[{"embeddable":true,"href":"https:\/\/hundefreunde-waldesruh.com\/Blog\/wp-json\/wp\/v2\/users\/1"}],"replies":[{"embeddable":true,"href":"https:\/\/hundefreunde-waldesruh.com\/Blog\/wp-json\/wp\/v2\/comments?post=149"}],"version-history":[{"count":6,"href":"https:\/\/hundefreunde-waldesruh.com\/Blog\/wp-json\/wp\/v2\/pages\/149\/revisions"}],"predecessor-version":[{"id":293,"href":"https:\/\/hundefreunde-waldesruh.com\/Blog\/wp-json\/wp\/v2\/pages\/149\/revisions\/293"}],"wp:attachment":[{"href":"https:\/\/hundefreunde-waldesruh.com\/Blog\/wp-json\/wp\/v2\/media?parent=149"}],"curies":[{"name":"wp","href":"https:\/\/api.w.org\/{rel}","templated":true}]}}