{"id":40,"date":"2019-01-11T10:32:42","date_gmt":"2019-01-11T09:32:42","guid":{"rendered":"http:\/\/hundefreunde-waldesruh.com\/Blog\/?page_id=40"},"modified":"2024-01-03T19:38:03","modified_gmt":"2024-01-03T18:38:03","slug":"trainerin-sonja","status":"publish","type":"page","link":"https:\/\/hundefreunde-waldesruh.com\/Blog\/trainerin-sonja\/","title":{"rendered":"Trainerin Sonja"},"content":{"rendered":"\n<h2>Ausbildung<\/h2>\n\n\n\n<ul><li>seit 1992 &#8211; 2000 Vereinsmitglied des DVG Asseln (dt.Verband der Gebrauchshundesportvereine) <br> TRAINING  IM TUNIERHUNDESPORT<br> SCHUTZDIENST<br> AGILITY<br> FLYBALL<\/li><li>Ausbildung Verhaltenstherapeutin f\u00fcr Tiere mit Diplom <\/li><li>Ausbildung Bachbl\u00fctentherapeutin f\u00fcr Hunde mit Diplom <\/li><li>Seit 2006 Schanz &amp;Schanz GbR &#8211; mobile Hundeschule<\/li><li>mobile Trainerin: Hausbesuche &amp; Erste-Hilfe<\/li><li>st\u00e4ndige Weiterbildung durch Seminare<\/li><li>Erlaubnis gem\u00e4\u00df \u00a711 des Tierschutzgesetzes<\/li><\/ul>\n\n\n\n<p><strong>Melde dich gerne mit deinen Fragen oder deiner Anmeldung bei mir:<\/strong><\/p>\n\n\n\n<p>Sonja Frischmuth (geb. Schanz)<\/p>\n\n\n\n<p>Mobil: 0175 \u2013 53 20 451<\/p>\n\n\n\n<p><a href=\"mailto:sonja@hundefreunde-waldesruh.com\">sonja@hundefreunde-waldesruh.com<\/a><\/p>\n\n\n\n<figure class=\"wp-block-image is-resized\"><img loading=\"lazy\" src=\"https:\/\/hundefreunde-waldesruh.com\/Blog\/wp-content\/uploads\/2019\/08\/Sonja_Kontakt_.jpg\" alt=\"Dieses Bild hat ein leeres Alt-Attribut. Der Dateiname ist Sonja_Kontakt_.jpg\" width=\"186\" height=\"117\"\/><\/figure>\n","protected":false},"excerpt":{"rendered":"<p>Ausbildung seit 1992 &#8211; 2000 Vereinsmitglied des DVG Asseln (dt.Verband der Gebrauchshundesportvereine) TRAINING IM TUNIERHUNDESPORT SCHUTZDIENST AGILITY FLYBALL Ausbildung Verhaltenstherapeutin f\u00fcr Tiere mit Diplom Ausbildung Bachbl\u00fctentherapeutin f\u00fcr Hunde mit Diplom Seit 2006 Schanz &amp;Schanz GbR &#8211; mobile Hundeschule mobile Trainerin: Hausbesuche &amp; Erste-Hilfe st\u00e4ndige Weiterbildung durch Seminare Erlaubnis gem\u00e4\u00df \u00a711 des Tierschutzgesetzes Melde dich gerne&#8230;<\/p>\n","protected":false},"author":1,"featured_media":0,"parent":0,"menu_order":0,"comment_status":"closed","ping_status":"closed","template":"","meta":[],"_links":{"self":[{"href":"https:\/\/hundefreunde-waldesruh.com\/Blog\/wp-json\/wp\/v2\/pages\/40"}],"collection":[{"href":"https:\/\/hundefreunde-waldesruh.com\/Blog\/wp-json\/wp\/v2\/pages"}],"about":[{"href":"https:\/\/hundefreunde-waldesruh.com\/Blog\/wp-json\/wp\/v2\/types\/page"}],"author":[{"embeddable":true,"href":"https:\/\/hundefreunde-waldesruh.com\/Blog\/wp-json\/wp\/v2\/users\/1"}],"replies":[{"embeddable":true,"href":"https:\/\/hundefreunde-waldesruh.com\/Blog\/wp-json\/wp\/v2\/comments?post=40"}],"version-history":[{"count":16,"href":"https:\/\/hundefreunde-waldesruh.com\/Blog\/wp-json\/wp\/v2\/pages\/40\/revisions"}],"predecessor-version":[{"id":424,"href":"https:\/\/hundefreunde-waldesruh.com\/Blog\/wp-json\/wp\/v2\/pages\/40\/revisions\/424"}],"wp:attachment":[{"href":"https:\/\/hundefreunde-waldesruh.com\/Blog\/wp-json\/wp\/v2\/media?parent=40"}],"curies":[{"name":"wp","href":"https:\/\/api.w.org\/{rel}","templated":true}]}}